{"id":57,"date":"2022-07-21T17:04:49","date_gmt":"2022-07-21T15:04:49","guid":{"rendered":"https:\/\/www.jolly-khorana.82-165-21-128.plesk.page\/?page_id=57"},"modified":"2024-04-16T12:59:14","modified_gmt":"2024-04-16T10:59:14","slug":"buchungsformular","status":"publish","type":"page","link":"https:\/\/www.robert-vermietung.de\/?page_id=57","title":{"rendered":"Buchung Ihres Containers (Sch\u00fcttorf)"},"content":{"rendered":"<p><!--more--><br \/>\n<strong>Buchen Sie hier in nur zwei Schritten Ihren Lagercontainer<\/strong> \u2013 ganz einfach und unkompliziert.<br \/>\nNach Erhalt des Buchungsformulars und Einrichtung der Zahlung erhalten Sie von uns eine Buchungsbest\u00e4tigung und wir melden uns bei Ihnen zwecks weiterer Absprache.<br \/>\n&nbsp;<\/p>\n<h2 class=\"h1\">Buchungsformular ausf\u00fcllen<\/h2>\n\n        <script>\n            jQuery(document).ready(function($) {\n                if (window.location.href.indexOf(\"schuettorf\") > -1) {\n                    $('option[value=\"Sch\u00fcttorf\"]').prop('selected', true);\n                }\n\n                if (window.location.href.indexOf(\"bocholt\") > -1) {\n                    $('option[value=\"Bocholt\"]').prop('selected', true);\n                }\n\n                if (window.location.href.indexOf(\"dorsten\") > -1) {\n                    $('option[value=\"Dorsten\"]').prop('selected', true);\n                }\n\n                if (window.location.href.indexOf(\"meppen\") > -1) {\n                    $('option[value=\"Meppen\"]').prop('selected', true);\n                }\n\n                if (window.location.href.indexOf(\"muenster\") > -1) {\n                    $('option[value=\"M\u00fcnster\"]').prop('selected', true);\n                }\n\n                $('#standort').trigger('change');\n            });\n        <\/script>\n\n        <div class=\"wrapper\" id=\"buchung-container\">\n            <div class=\"container-wrapper\">\n                <div class=\"content\">\n                    <div class=\"row\">\n                        <div class=\"col-md-12 col-sm-12 col-xs-12\">\n                            <form method=\"post\" action=\"\" id=\"anfrage-form\">\n                                <div class=\"col-md-12 col-sm-12 col-xs-12\">\n                                    <label for=\"standort\" class=\"label\">Standort w\u00e4hlen*<\/label>\n                                    <select name=\"standort\" id=\"standort\" required>\n                                        <option value=\"\">Bitte w\u00e4hlen<\/option>\n                                        <option value=\"Sch\u00fcttorf\">Sch\u00fcttorf<\/option>\n                                        <option value=\"Bocholt\">Bocholt<\/option>\n                                        <option value=\"Dorsten\">Dorsten<\/option>\n                                        <option value=\"Meppen\">Meppen<\/option>\n                                        <option value=\"M\u00fcnster\">M\u00fcnster<\/option>\n                                    <\/select>\n                                <\/div>\n\n                                <div class=\"col-md-12 col-sm-12 col-xs-12\">\n                                    <label for=\"containergroesse\" class=\"label\">Wahl der Containergr\u00f6\u00dfe (Innenma\u00dfe LxBxH in m)*<\/label>\n                                    <select name=\"containergroesse\" id=\"containergroesse\" required>\n                                        <option value=\"\">Bitte w\u00e4hlen<\/option>\n                                        <option class=\"option-8-fuss\" value=\"8 Fu\u00df (2,27 x 2,11 x 2,06)\">8 Fu\u00df (2,27 x 2,11 x 2,06)<\/option>\n                                        <option class=\"option-10-fuss\" value=\"10 Fu\u00df (2,83 x 2,35 x 2,39)\">10 Fu\u00df (2,83 x 2,35 x 2,39)<\/option>\n                                        <option class=\"option-20-fuss\" value=\"20 Fu\u00df (5,89 x 2,35 x 2,39)\">20 Fu\u00df (5,89 x 2,35 x 2,39)<\/option>\n                                        <option class=\"option-20-fuss-hc\" value=\"20 Fu\u00df HC (5.89 x 2.35 x 2.69)\">20 Fu\u00df HC (5.89 x 2.35 x 2.69)<\/option>\n                                        <option class=\"option-40-fuss\" value=\"40 Fu\u00df (12,03 x 2,35 x 2,39)\">40 Fu\u00df (12,03 x 2,35 x 2,39)<\/option>\n                                        <option class=\"option-40-fuss-hc\" value=\"40 Fu\u00df HC (12,03 x 2,35 x 2,69)\">40 Fu\u00df HC (12,03 x 2,35 x 2,69)<\/option>\n                                    <\/select>\n                                <\/div>\n\n                                <div class=\"col-md-12 col-sm-12 col-xs-12\">\n                                    <label class=\"label\">Gewerblich oder privat mieten?*<\/label>\n                                    <label for=\"gewerblichprivat1\"><input type=\"radio\" name=\"gewerblichprivat\" id=\"gewerblichprivat1\" value=\"Ich bin eine Privatperson\" checked required> Ich bin eine Privatperson<\/label>\n                                    <div class=\"clear\"><\/div>\n                                    <label for=\"gewerblichprivat2\"><input type=\"radio\" name=\"gewerblichprivat\" id=\"gewerblichprivat2\" value=\"Ich m\u00f6chte f\u00fcr eine Firma mieten \/ Sie erhalten eine Dauerrechnung\"> Ich m\u00f6chte f\u00fcr eine Firma mieten \/ Sie erhalten eine Dauerrechnung<\/label>\n                                    <div class=\"clear\"><\/div>\n                                <\/div>\n\n                                <div class=\"col-md-12 col-sm-12 col-xs-12\">\n                                    <label class=\"label\">Eine Kaution von 250\u20ac muss vor dem Einzug hinterlegt werden.*<\/label>\n                                    <label for=\"kaution\"><input type=\"checkbox\" name=\"kaution\" id=\"kaution\" value=\"Ich bin einverstanden\" required> Ich bin einverstanden<\/label>\n                                    <div class=\"clear\"><\/div>\n                                <\/div>\n\n                                <div class=\"col-md-12 col-sm-12 col-xs-12\">\n                                    <label class=\"label\">Bitte nennen Sie uns Ihre Kontaktdaten:<\/label>\n                                    <label for=\"namevorname\">Vor- und Nachname*<\/label>\n                                    <input type=\"text\" name=\"namevorname\" id=\"namevorname\" value=\"\" required \/>\n                                <\/div>\n\n                                <div class=\"col-md-6 col-sm-6 col-xs-12\">\n                                    <label for=\"strassehausnummer\">Stra\u00dfe und Hausnummer*<\/label>\n                                    <input type=\"text\" name=\"strassehausnummer\" id=\"strassehausnummer\" value=\"\" required \/>\n                                <\/div>\n\n                                <div class=\"col-md-6 col-sm-6 col-xs-12\">\n                                    <label for=\"ortplz\">Ort und PLZ*<\/label>\n                                    <input type=\"text\" name=\"ortplz\" id=\"ortplz\" value=\"\" required \/>\n                                <\/div>\n\n                                <div class=\"col-md-6 col-sm-6 col-xs-12\">\n                                    <label for=\"emailadresse\">E-Mail*<\/label>\n                                    <input type=\"email\" name=\"emailadresse\" id=\"emailadresse\" value=\"\" required \/>\n                                <\/div>\n\n                                <div class=\"col-md-6 col-sm-6 col-xs-12\">\n                                    <label for=\"mobilnummer\">Mobilnummer*<\/label>\n                                    <input type=\"text\" name=\"mobilnummer\" id=\"mobilnummer\" value=\"\" required \/>\n                                <\/div>\n\n                                <div class=\"clear\"><\/div>\n\n                                <div class=\"col-md-12 col-sm-12 col-xs-12\">\n                                    <label class=\"label\">Angaben zur Miete:<\/label>\n                                <\/div>\n\n                                <div class=\"col-md-6 col-sm-6 col-xs-12\">\n                                    <label for=\"startdatum\">Wann m\u00f6chten Sie starten?*<\/label>\n                                    <input type=\"date\" name=\"startdatum\" id=\"startdatum\" value=\"\" placeholder=\"tt.mm.jjjj\" required \/>\n                                <\/div>\n\n                                <div class=\"col-md-6 col-sm-6 col-xs-12\">\n                                    <label for=\"mietdauer\">Voraussichtliche Mietdauer\/ stand jetzt.*<\/label>\n                                    <input type=\"text\" name=\"mietdauer\" id=\"mietdauer\" value=\"\" required \/>\n                                <\/div>\n\n                                <div class=\"clear\"><\/div>\n\n                                <div class=\"col-md-12 col-sm-12 col-xs-12 nachricht\">\n                                    <label for=\"lagerinhalt\">Was soll gelagert werden?*<\/label>\n                                    <textarea name=\"lagerinhalt\" id=\"lagerinhalt\" required><\/textarea>\n                                <\/div>\n\n                                <div class=\"clear\"><\/div>\n\n                                <div class=\"col-md-12 col-sm-12 col-xs-12\">\n                                    <label class=\"label\">Mietbedingungen*<\/label>\n                                    <label class=\"\">Wenn ich am Wochenende Hilfe ben\u00f6tige\/ z.B.: Treppe verstellen, muss das sp\u00e4testens bis Freitag per Mail angek\u00fcndigt werden*<\/label>\n                                    <input type=\"checkbox\" name=\"mietbedingungen3\" id=\"mietbedingungen3\" value=\"Ich melde mich per Mail oder Telefonisch.\" required> <label for=\"mietbedingungen3\">Ich melde mich per Mail oder Telefonisch.<\/label>\n                                    <div class=\"clear\"><\/div>\n                                <\/div>\n\n                                <div class=\"col-md-12 col-sm-12 col-xs-12\">\n                                    <label class=\"\">Bitte legen sie beim Einzug einen Personalausweis vor. *<\/label>\n                                    <label for=\"mietbedingungen4\"><input type=\"checkbox\" name=\"mietbedingungen4\" id=\"mietbedingungen4\" value=\"Bringe ich mit.\" required> Bringe ich mit.<\/label>\n                                    <div class=\"clear\"><\/div>\n                                <\/div>\n\n                                <div class=\"col-md-12 col-sm-12 col-xs-12\">\n                                    <label class=\"\">Bitte verwenden sie zur Kontaktaufnahme ausschlie\u00dflich info@robert-vermietung.de*<\/label>\n                                    <label for=\"mietbedingungen5\"><input type=\"checkbox\" name=\"mietbedingungen5\" id=\"mietbedingungen5\" value=\"Alles klar.\" required> Alles klar.<\/label>\n                                    <div class=\"clear\"><\/div>\n                                <\/div>\n\n                                <div class=\"row uhrzeitab\">\n                                    <div class=\"col-md-4 ohnohoney\">\n                                        <label for=\"uhrzeitab\"><\/label>\n                                        <input type=\"text\" name=\"uhrzeitab\" id=\"uhrzeitab\" value=\"\" autocomplete=\"nope\" \/>\n                                    <\/div>\n                                    <div class=\"col-md-4 ohnohoney\">\n                                        <label for=\"email\"><\/label>\n                                        <input type=\"text\" name=\"email\" id=\"email\" value=\"\" autocomplete=\"nope\" \/>\n                                    <\/div>\n                                    <div class=\"col-md-4 ohnohoney\">\n                                        <label for=\"name\"><\/label>\n                                        <input type=\"text\" name=\"name\" id=\"name\" value=\"\" autocomplete=\"nope\" \/>\n                                    <\/div>\n                                <\/div>\n\n                                <div class=\"clear\"><\/div>\n\n                                <div class=\"col-md-12 datenschutz\">\n                                    <label for=\"\" class=\"label\">Datenschutz:*<\/label>\n                                    <label for=\"datenschutzcheckbox\" class=\"labeltext\">\n                                        <input type=\"checkbox\" name=\"datenschutzcheckbox\" id=\"datenschutzcheckbox\" value=\"Ja\" required  >\n\n                                        Ja, ich habe die <a href=\"\/datenschutzerklaerung\" target=\"_blank\">Datenschutzerkl\u00e4rung<\/a> zur Kenntnis genommen und bin damit einverstanden, dass die von mir angegebenen Daten elektronisch erhoben und gespeichert werden. Meine Daten werden dabei nur streng zweckgebunden zur Bearbeitung und Beantwortung meiner Anfrage benutzt. Mit dem Absenden des Kontaktformulars erkl\u00e4re ich mich mit der Verarbeitung einverstanden. Hinweis: Sie k\u00f6nnen Ihre Einwilligung jederzeit f\u00fcr die Zukunft per Mail an info@robert-vermietung.de widerrufen.                                    <\/label>\n                                <\/div>\n\n                                <div class=\"clear\"><\/div>\n\n                                <div class=\"col-md-12 col-sm-12 col-xs-12\">\n                                    <input type=\"submit\" name=\"senden\" id=\"senden\" value=\"Buchungsformular absenden\" \/>\n                                <\/div>\n                                <div class=\"clear\"><\/div>\n                            <\/form>\n                        <\/div>\n                    <\/div>\n                <\/div>\n            <\/div>\n        <\/div>\n        \n","protected":false},"excerpt":{"rendered":"","protected":false},"author":1,"featured_media":0,"parent":10,"menu_order":22,"comment_status":"closed","ping_status":"closed","template":"","meta":{"footnotes":""},"class_list":["post-57","page","type-page","status-publish","hentry"],"_links":{"self":[{"href":"https:\/\/www.robert-vermietung.de\/index.php?rest_route=\/wp\/v2\/pages\/57","targetHints":{"allow":["GET"]}}],"collection":[{"href":"https:\/\/www.robert-vermietung.de\/index.php?rest_route=\/wp\/v2\/pages"}],"about":[{"href":"https:\/\/www.robert-vermietung.de\/index.php?rest_route=\/wp\/v2\/types\/page"}],"author":[{"embeddable":true,"href":"https:\/\/www.robert-vermietung.de\/index.php?rest_route=\/wp\/v2\/users\/1"}],"replies":[{"embeddable":true,"href":"https:\/\/www.robert-vermietung.de\/index.php?rest_route=%2Fwp%2Fv2%2Fcomments&post=57"}],"version-history":[{"count":27,"href":"https:\/\/www.robert-vermietung.de\/index.php?rest_route=\/wp\/v2\/pages\/57\/revisions"}],"predecessor-version":[{"id":325,"href":"https:\/\/www.robert-vermietung.de\/index.php?rest_route=\/wp\/v2\/pages\/57\/revisions\/325"}],"up":[{"embeddable":true,"href":"https:\/\/www.robert-vermietung.de\/index.php?rest_route=\/wp\/v2\/pages\/10"}],"wp:attachment":[{"href":"https:\/\/www.robert-vermietung.de\/index.php?rest_route=%2Fwp%2Fv2%2Fmedia&parent=57"}],"curies":[{"name":"wp","href":"https:\/\/api.w.org\/{rel}","templated":true}]}}